- 131
-52
What is -529 + 547 + (-3 + 6 - 6)?
15
Calculate 32 + (-19 - (16 + -6 - 27)).
30
What is the value of 44 + 20 - (-1 + 52)?
13
Evaluate (-20 - -60) + (-13 - -20).
47
(-18 - -8) + (-9 - (-5 + (-3 - -3)) - -4)
-10
5 + 0 + (2 - -18 - 44) + -12
-31
What is -39 + (81 - -11) - 40?
13
What is -317 + 305 - (-1 - -27)?
-38
What is 23 + (-35 + 16 - -15) + (-1 - -2)?
20
Calculate (5 - -1) + (-54 - (75 + -89 + 64)).
-98
What is 19 - ((-9 - -22) + (-21 - -31))?
-4
44 - ((2 - -3) + (-18 - -32))
25
0 - (-23 - -48) - -61
36
Evaluate 105 - 348 - -203 - (-21 - (1 - 3)).
-21
Evaluate 3 + (-14 - -4) + -34 - (2 - -1).
-44
3 + (-35 - 5) + (32 - 44)
-49
What is the value of 10 + (3 - 28) - (-26 + 36 + 1)?
-26
What is 6 + (53 - -2) + -1 + -18?
42
Calculate 1 + 2 + 82 + (-17 + 18 - (72 + -85)).
99
What is -14 - (11 - (-151 - -73))?
-103
Calculate (14 - (2 - -1)) + (46 - (59 + -21)).
19
51 + 2 + (7 - 17) + -3 + 4
44
What is 49 + 0 + 418 + -440 + 42 + 0?
69
What is -69 + 168 + -71 + -1 + 37?
64
Calculate -1 + 75 + (58 - (-33 + 81)).
84
-104 + (13 - 3 - (-25 - -64))
-133
What is (40 + -38 - -8) + -135 + -3 + 5 + 2?
-121
Calculate -1 + 15 - 18 - (-6 + (9 - -3)).
-10
What is (2 - 7) + -1 + 1 - (-1074 - -1027)?
42
What is (0 + -5 - -103) + (5 - (18 + -19))?
104
Evaluate (-19 - -1 - -13) + 2 + 0.
-3
What is the value of -32 - ((-22 - -32 - 35) + 17)?
-24
What is -101 - (21 + -49) - (5 - (23 - 6))?
-61
What is the value of -35 - (-10 - (28 + (-61 - -19)))?
-39
What is (0 - 15) + 331 + -319 - (-11 + 0)?
8
Evaluate -39 + (100 + -30 - -19) - 20.
30
What is -2 + -12 - -2 - (88 + -56 + -27)?
-17
Calculate -22 + 10 - -17 - (7 + (42 - 1)).
-43
Evaluate 1330 + -1312 - (57 + 1).
-40
Calculate 12 + (15 - (5 - -13)) + (0 - 9).
0
Evaluate -7 + (-10 + -16 + 27 - 2).
-8
Calculate -7 + (2 - 1) + (-129 - 34 - -130).
-39
What is (0 - -5) + (45 - 43 - -17 - (-1 + 10))?
15
Evaluate -41 + -5 + -16 + 15 + 7.
-40
270 - 294 - (-4 + (-6 - -8 - (0 - 0)))
-22
What is the value of 20 + -11 + -23 + 8?
-6
What is the value of 11 - (15 + (38 - 54))?
12
What is the value of 64 + -92 + 51 + -3?
20
Evaluate (6 - 0) + (10 - (64 - (-9 - -24))).
-33
-19 + 1 + -8 + 12 - (34 + -41)
-7
Evaluate 45 - (-19 + 17) - 36.
11
Calculate -46 + (-28 - -25 - (-1 + 2)) + (-377 - -362).
-65
-3 + (10 - 4 - (3 + -9)) + -6
3
(0 - -56) + (133 - (-39 + 198))
30
What is the value of (2 - -1) + -1 + 19 + (-1366 - -1352) + 1?
8
Calculate -19 + 28 + 31 - (-6 - (-9 - -14)).
51
(20 - -48) + -109 - -2
-39
What is the value of 30 + (17 - -18 - 44) - -39?
60
Calculate -110 - (21 + -32 + -50 + 23).
-72
(-52 - 17) + 8 - 19
-80
Evaluate 11 - (37 - (19 - 27)).
-34
What is the value of 7 + (12 - (6 + 7)) + 61?
67
What is the value of 2717 + -2734 + (-2 - -5) + -1 + -7?
-22
What is (-1 + -1 - (-27 + 18) - (8 + -1)) + 56?
56
Evaluate 840 + -942 - (-27 - (-2 + 3)).
-74
Evaluate 29 - (-6 + 35 + -22 + -24).
46
Calculate -9 - (-55 - (-3 - -4) - -7).
40
What is the value of -24 - (-141 + 77 - -10)?
30
What is -8 - (-13 - -8) - (13 - 6)?
-10
Calculate -130 + 76 + 74 + 6.
26
83 - 70 - (9 + (34 - 9))
-21
Evaluate (-17 + 6 - -23) + 1 - (-26 - -32).
7
Calculate 33 - (-1 + -12 + 25) - (4 - 6 - -9).
14
Calculate -142 + (57 - 100 - -104).
-81
What is the value of -56 + 56 + -21 - -24?
3
Evaluate 29 - -4 - 24 - 3 - 14.
-8
What is the value of -69 + -13 + -10 - (-1 - 0 - (2 - -10))?
-79
What is the value of (-145 - (42 + 41)) + 120?
-108
Calculate 127 + -64 + -29 - 29.
5
What is the value of -5 - (-19 + (26 - 13) + -14)?
15
What is the value of 82 - -69 - 76 - 116?
-41
What is the value of -1 + 12 + -9 + 47 + -22?
27
What is the value of -7 + -19 + (-72 - -13 - 3)?
-88
Calculate -74 + (5 - (19 + 13 - (17 + -1))).
-85
What is the value of (202 - 142) + (-10 - (-9 + -8 + 13))?
54
What is -82 + 242 + 104 + -127?
137
Calculate 0 + 9 + (15 - 34) + 16 + 80 + 3.
89
Evaluate -4 + (3 - (7 + 6) - (17 + -6 - 23)).
-2
What is the value of 36 - (-89 + 87 + -18)?
56
What is 8 - (75 + -2) - (-17 + 11 - -12) - -15?
-56
Calculate 2 + -18 + -7 + 24.
1
-109 + (254 - 102) - 65
-22
What is -8 + -1 + (-1 + -9 + -3 + 1 - -1)?
-20
-6 + (-80 - (40 + -63) - -20)
-43
What is the value of -1 + (2 + 7 - -37) + (-19 - -25)?
51
Calculate -4 + (20 - 1 - (4 + 2 - (-52 - -48))).
5
Calculate -74 + 101 + (21 - 50).
-2
What is the value of 16 + (19 + -17 - 13 - 0) - -63?
68
What is (705 - 624) + (-7 - -17) + -2?
89
Calculate -100 + 129 + -5 + 97.
121
What is the value of (5694 - 5654) + 0 + -66?
-26
What is 51 - (155 + -151 + (-3 - (10 - -2)))?
62
What is -3 + -1 - (-13 + (-17 - (-50 - (-14 + 4))))?
-14
(-14 + -1 - -13 - -15) + -6 - 29
-22
Evaluate 19 - (1 - 10 - (49 + -95)).
-18
Calculate 4 - ((1 - (-15 + (17 - 18))) + -46).
33
(-18 - (62 - 24)) + -3
-59
What is the value of 7 + -37 + -9 + -3 + -9 + 13?
-38
What is -44 + -17 + -32 + 67?
-26
Evaluate (0 - -2 - (-103 + (19 - -66))) + -22.
-2
What is the value of 207 - 120 - 91 - (37 + 0)?
-41
What is the value of (-119 - -105) + -46 + 7 + 1 + -2?
-54
Calculate (-88 - -281) + -157 + (28 - 1).
63
What is -7 + (-2 - 16) - (-243 + 140)?
78
Calculate 164 + -204 + (-33 - 11).
-84
Evaluate 11 + (-54 - -12) - -48.
17
Calculate 63 + -106 + -19 - -130.
68
Calculate -73 + (-2 - (15 - (-24 - -17))).
-97
What is the value of -3 - (3 - -54) - (47 - 60 - 3)?
-44
What is the value of (294 - 284) + 1 + (-1 - (2 + -4)) + 5?
17
Calculate -37 + (16 - 24) + 12 + 12.
-21
-582 - -440 - (-32 + -1) - -24
-85
What is the value of 117 - (-1 - ((31 - 37) + -10) - (0 - -12))?
114
Evaluate (15 - ((17 - 2) + 3)) + (-2 - (-3 + -35)).
33
Evaluate 66 + -97 - (-38 - -4).
3
-4 + 27 - -1 - (5592 - 5573)
5
What is the value of -6 - (-30 - -3 - -6) - (-73 - -77)?
11
Evaluate -32 + (26 - 159) + 39.
-126
Evaluate 55 - (20 + (9 - 14) - (-5 - (5 + -14))).
44
What is the value of -41 + 1 + 0 + (-6016 - -6007)?
-49
(-80 - -205) + -83 + -80
-38
What is (-1 - 6) + (-55 - ((-721 - -729) + (-7 - 0)))?
-63
What is the value of -5 + -1 + (29 - (32 + -16) - 1 - -8)?
14
What is -161 + 0 + (-428 - (-615 - -136))?
-110
What is 13 + (0 + -12 - 12) + (-6 - 3)?
-20
What is 12 + 0 + (724 - 715 - ((-2 - -9) + 0))?
14
Calculate 4 + -22 + (-10 - (-2 - -3) - (60 - 75)).
-14
Evaluate -34 + 2 + 106 + -43.
31
-5 - (11 - (-27 - (13 - 90)))
34
13 + (-13 - (20 + -26))
6
Evaluate (-17 - -19) + 0 + 12 - (69 - (13 - -91)).
49
Calculate (14 - 1) + 1 - (83 + (-222 - -151)) - 7.
-5
Calculate (20 - 64) + (-104 - -165).
17
Evaluate -2 + (6 + (8 - 13) + 9 - 67).
-59
Evaluate 21795 + -21803 + (146 - 1).
137
Evaluate -83 - -104 - (15 - 1) - (2 + -16).
21
What is the value of -56 - 0 - -1 - (276 + -281)?
-50
What is 8 + (-187 - -101 - -50)?
-28
Evaluate (-6 + -3 + (11 - 3) - (-7 + 3)) + 8.
11
Evaluate (3 - (-14 + 22) - -20) + 3 + 8.
26
What is 0 - (5 - (15 + -1 + -13)) - (4 - 2)?
-6
3 - (-7 + (12 - (-8 + 10)) + 2 + -8)
6
Evaluate 35 + 87 + -43 + 7 + -37.
49
Evaluate 35 + -6 - (5 + (-8 + -2 + 10 - 0)).
24
-6 - (-5 - -13 - (8 + (-17 - (-11 - 1))))
-11
Evaluate (-68 - -2) + (-14 + (-6 - -4) - (93 + -103)).
-72
What is the value of -418 + 464 + -40 + -2?
4
-3 - (1 + -1 - 60) - (16 - 30 - -5)
66
What is 75 - 82 - (-61 + 0 + 3 + -3)?
54
What is 32 + (-92 + 98 - (20 + -1))?
19
Calculate 4 + 56 + ((-7 - -2) + 16 - 14).
57
Evaluate (-2 - (8 + 1 + -19 - 6)) + -62.
-48
Calculate (23 - 5 - (-37 - -12 - -44)) + -7.
-8
Evaluate (-142 - (-188 + 54)) + (-29 - (-1 + 2)).
-38
What is the value of (32 - ((-18 - -17) + (-4 + 0 - -8))) + 10?
39
Calculate 4 + (-25 - (-28 + 27) - 14).
-34
7 + 0 + -65 - (6 - 5 - 18)
-41
Evaluate 7 + (-99 - 8) + -1 + 3 - (-175 - -187).
-110
What is the value of -16 + (-2 - 0) - (-4422 - -4420) - (3 + -1)?
-18
Calculate -1 + 13 - (-79 - (-89 - -3)) - 74.
-69
Calculate 30446 + -30375 - (0 + (1 + -2 - -4) - 0).
68
What is -10 + -4 + -2 + 12 + 9 + -1?
4
-51 + (65 - -20) + 13
47
What is the value of -84 - -15 - (306 - 364)?
-11
What is the value of -37 - (-22 - -20 - 12) - -27?
4
Calculate (1766 - 1673) + 1 + -21.
73
Evaluate 58 + -48 + 22 + -110 + 21.
-57
Evaluate 10 + 0 - (182 + -134 - (21 + 1)).
-16
7 + 38 + (-15 - -9) + -3 + 15
51
Calculate -49 - (-153 + 85 - 70).
89
(-75 - (-126 + 30)) + (0 - -1)
22
Calculate 90 + (-31 + 23 - (-8 + 7 + -7 + 11)).
79
Evaluate -95 + (13 + -16 - (-2 + (-2 - 6))).
-88
What is t